n (-76)/(-3) + 3/(-9) is divided by j?
7
Suppose 2 = -i - 1, 3*i + 5 = t. Let v = 10 - t. What is the remainder when 54 is divided by v?
12
Suppose 2 - 8 = -3*t. Suppose t*w = n + 4*n - 53, -n + 17 = -2*w. Suppose 4*s = -n - 3, 44 = 5*o - 3*s. What is the remainder when o is divided by 3?
1
Let u(o) = o**3 + 18*o**2 + 14*o - 35. What is the remainder when 28 is divided by u(-17)?
12
Suppose -2*z = 2*z - 12. Suppose 9 = y + z. What is the remainder when 15 is divided by y?
3
Let z = -8 - -11. Let s = 23 - z. What is the remainder when s is divided by 11?
9
Let n(i) = i**3 + 6*i**2 + 4*i - 7. Let k be n(-5). Let d be 1 - (4 + k - 5). What is the remainder when 258/d*6/9 is divided by 15?
13
Suppose 0 = 9*j - 12*j + 150. What is the remainder when j is divided by 9?
5
Suppose 0 = -3*l + 4*l - 4. Suppose 20 = l*c - 24. Calculate the remainder when c is divided by 7.
4
Let g = 21 + -9. What is the remainder when 45 is divided by g?
9
Suppose 0*h = -h + 4*l + 29, 5*l = h - 32. Suppose 5*o - 105 = 225. Calculate the remainder when o is divided by h.
15
Let h = -8 - -13. Suppose 2*x - 3*z = 36, 10*x - h*x = z + 77. What is the remainder when 28 is divided by x?
13
Let p(t) = t - 4. Suppose -5*b + 7*s - 2*s + 50 = 0, s = 5*b - 42. Calculate the remainder when 15 is divided by p(b).
3
Suppose 0 = -4*a - 3*q + 141, -18 + 3 = 3*q. Suppose -5*f + a = -66. Calculate the remainder when f is divided by 11.
10
Suppose 376 = -x + 5*x + 2*r, 468 = 5*x + 2*r. Suppose -3*d = d - x. Calculate the remainder when 10/(-1)*(-66)/15 is divided by d.
21
Suppose 648 = 4*u + 5*u. Calculate the remainder when u is divided by 37.
35
Suppose 5*d + 75 = 5*b, 3*d - 10 = b - 3*b. Let k = b - 5. Calculate the remainder when 30 is divided by 2/(k/9) + 13.
14
Let m(r) = -7*r - 2. Let j be m(-2). Calculate the remainder when (2 - j/10)*5 is divided by ((-4)/14)/((-1)/7).
0
Let s = -150 + 249. Let m be s/(-6)*(-8)/6. Suppose -2*v - v - 4*g = -m, 2*g = 4*v. What is the remainder when 5 is divided by v?
1
Let z(a) = 2*a + 3. Suppose 3*s - s + 4 = 0. Let d = s - -5. Calculate the remainder when 25 is divided by z(d).
7
Let j = 30 + -15. Suppose -12 - j = -3*a. Calculate the remainder when a is divided by 6.
3
Calculate the remainder when (-6)/((-2)/3 - (0 - 0)) is divided by 7.
2
Suppose -2*b = -61 - 23. Calculate the remainder when 123 is divided by b.
39
Suppose -c = 3*n - 65, -2*c + 186 = 4*n + 56. Suppose 2*j - 2*p - 4 = 0, p - 25 = -5*j - 3. Calculate the remainder when c is divided by 66/(-4)*j/(-3).
21
Let u(z) = 2*z**2 - 4*z + 3. Let o be u(2). Suppose x - t - 12 = 0, 0 = -t - 2*t - o. What is the remainder when 32 is divided by x?
10
Let b(d) = -d**3 + 5*d**2 + 6*d. Suppose -4*q + 0*q = -24. Let s be b(q). Let i = s - -8. Calculate the remainder when 14 is divided by i.
6
Let b = -47 - -224. Calculate the remainder when b is divided by 30.
27
Let i(r) = r. Let a be i(-9). Let h = -21 - a. What is the remainder when 5 + -4 - (h + -1) is divided by 8?
6
Let x = -15 - -23. Suppose -y - 4 = -7. Suppose 38 + 25 = y*q. What is the remainder when q is divided by x?
5
Let z = 1 + -6. Suppose 7*m + 5*y + 20 = 3*m, -m + 16 = -4*y. What is the remainder when m - (-5)/(z/(-18)) is divided by 5?
3
Suppose -3*f = 4*k - 60, -k - 3*f + 24 = -0*k. Calculate the remainder when 35 is divided by k.
11
Suppose 0 = 5*u - 3*u - 2*i - 18, -i = 5. Suppose 0 = u*k + 8 - 132. Suppose 5*n - 52 = 3. What is the remainder when k is divided by n?
9
Let v = 10 - 5. Suppose 0 = -2*p - 3*g + 113, -p + v*g + 39 = 3*g. What is the remainder when p is divided by 17?
15
Let s be (0 + 8/(-12))*9. Let l(t) = -t**3 - 6*t**2 - 6*t - 7. Calculate the remainder when 56 is divided by l(s).
27
Suppose -127 = -9*h - 37. What is the remainder when 36 is divided by h?
6
Let w = 19 - 16. Suppose 0 = -o - o - 2*d + 70, w*o - 90 = 2*d. Calculate the remainder when o is divided by 11.
10
Suppose 0*y - 40 = 2*y. Let h be 5/2*y/(-25). Suppose -5*b - 10 = -25, 8 = 2*d - h*b. Calculate the remainder when 20 is divided by d.
6
Suppose 267 = l + 2*l. What is the remainder when l is divided by 30?
29
Suppose 4*h - 1 = 5*m, 5 - 2 = m - 4*h. Let p be 1 + 112 - -1 - m. Suppose 3*a - p + 27 = 2*c, -c + 99 = 4*a. What is the remainder when 76 is divided by a?
24
Suppose m = 3*k - 82, -4*k + 2*m + 138 = k. Suppose -5*o + 49 = 4. Calculate the remainder when k is divided by o.
8
Let h(l) be the first derivative of 10*l**3/3 + l - 4. Calculate the remainder when h(-2) is divided by 21.
20
Suppose 7*c - 636 = 540. Calculate the remainder when c is divided by 43.
39
Let b(p) be the first derivative of -5*p**3/3 - p + 3. Let x be b(1). Let d(n) = n**3 + 6*n**2 + n + 8. Calculate the remainder when 4 is divided by d(x).
0
Let t(d) = 10*d**2 + d - 2. Calculate the remainder when 70 is divided by t(-2).
34
Suppose -2*h + 3*r + 50 = -0*r, 4*h + 5*r = 122. Calculate the remainder when 27 is divided by 1/(114/h + -4).
13
Let u be 6/27 - 2048/(-18). Suppose 0 = 6*h - 2*h - 20. Suppose u - 359 = -h*a. Calculate the remainder when a is divided by 17.
15
Let q = 100 + -62. Let d = -21 + q. What is the remainder when d is divided by 10?
7
Let z(p) = -6*p + 7. What is the remainder when z(-3) is divided by 7?
4
Let g = -28 - -58. What is the remainder when g is divided by 16?
14
Suppose 5*l + 1 = -5*c + 26, 5*l - 5*c - 15 = 0. Suppose 0 = i + 4*k - 24, l*i - 2*k = -0*i + 6. Calculate the remainder when 37 is divided by 78/i + (-1)/2.
18
Let a(i) = -i**2 + 11*i - 3. What is the remainder when a(9) is divided by 8?
7
Suppose z + 4*m + 158 = 3*z, -2*z - 2*m = -158. Suppose j + 24 = z. Calculate the remainder when j is divided by 19.
17
Let w = -4 + 8. Let r = 19 + -8. Calculate the remainder when r is divided by w.
3
Let c(x) = 13*x. Let u be c(-1). Let w = 45 - u. Suppose 4*s + s + 3*n = w, n + 43 = 4*s. What is the remainder when 32 is divided by s?
10
Let h(g) = g**3 + 7*g**2 - 10*g + 3. Let w be h(-7). Suppose o = -4*n + w, 24 = -3*n + 3*o + 75. What is the remainder when 51 is divided by n?
15
Suppose -4*k + 2*z - 7 = -15, -4*k = 3*z - 8. Calculate the remainder when 6/(-4)*(-6 - k) is divided by 2/(-3) + 69/9.
5
Suppose -22 = -2*t - 3*z, 4*z + 14 = -5*t + 69. Suppose 3*b - 27 = 3*n, -4*b - 3*n - 3 = -3*b. Calculate the remainder when t is divided by b.
5
Let x be (-2)/3*66/(-4). Suppose -2*f - 6 = f. Let r = x + f. Calculate the remainder when 17 is divided by r.
8
Suppose -37 = -4*t + 71. Calculate the remainder when t is divided by 15.
12
Suppose 21 = y + 2*y. Suppose -y = -w - 3. Let h(a) = -a**2 + 6*a + 1. What is the remainder when 16 is divided by h(w)?
7
Let o = -9 + 24. Calculate the remainder when (118/3)/(12/18) is divided by o.
14
Let c = -52 + 29. Let m = c - -33. What is the remainder when m is divided by (24/28)/(1/7)?
4
Let k(j) = -6*j - 3. Let m(n) = -11*n - 8. What is the remainder when m(-8) is divided by k(-4)?
17
Let u = 26 - 8. What is the remainder when u is divided by 7?
4
Suppose 3*d + 4*t = 520, d + 4*t = 5*d - 656. Let r = -90 + d. What is the remainder when r is divided by 20?
18
Let x(i) = 5*i**3 - 4*i**2 - 2*i + 3. What is the remainder when x(3) is divided by 33?
30
Suppose -5*d + 21 = 2*p, 5*p = 5*d - 0*p. What is the remainder when 4 is divided by d?
1
Let w = 7 - 8. Suppose 3*l = 2*y + y - 3, -4*y = 3*l - 11. What is the remainder when 1 + 1 + (-2 - w) is divided by l?
0
Let f(h) = -9*h + 1. Suppose -l = 4*l - 580. Suppose -5*s = -10*s, 4*s = -4*a + l. What is the remainder when a is divided by f(-1)?
9
Let v = 4 + 17. Let c = -14 + v. What is the remainder when 18 is divided by c?
4
Calculate the remainder when 41 is divided by ((-6)/(-9))/(-2)*(-552)/8.
18
Suppose 3*a + 2*v - 96 = a, 4*a = 3*v + 199. What is the remainder when a is divided by 17?
15
Suppose 4*t = -h + t + 103, -3*h + 304 = 4*t. Calculate the remainder when h is divided by 26.
22
Suppose -656 = -5*c - 4*f, 4*c - 48 = 2*f + 456. What is the remainder when c is divided by 44?
40
What is the remainder when (223/9 - 2) + 4/18 is divided by 17?
6
Let m = -100 + 104. What is the remainder when 6 is divided by m?
2
Suppose -2*x - l + 3*l + 20 = 0, 0 = 5*x + 2*l - 78. Calculate the remainder when x is divided by 5.
4
Suppose 0 = -y - 0*y + 50. Calculate the r